(l)?
-2
Let d(z) = 2*z**3 + 6*z**2 + 7*z - 7. Let n(c) = 2*c**3 + 7*c**2 + 8*c - 8. Let t(q) = 7*d(q) - 6*n(q). Determine t(1).
2
Let z(m) = -5*m**3 - 9*m**2 - 5*m - 8. Let i(c) = -4*c**3 - 8*c**2 - 4*c - 7. Let r(w) = -6*i(w) + 5*z(w). Determine r(2).
4
Let j(a) = a**2 + 9*a + 10. Suppose -27*q + 24*q - 21 = 0. Calculate j(q).
-4
Suppose 20*b - 18*b - 16 = 0. Let q(u) be the third derivative of u**5/60 - 7*u**4/24 - 7*u**3/6 + 2*u**2. Calculate q(b).
1
Let p(q) be the second derivative of q**4/12 - q**3/6 - 44*q - 2. What is p(4)?
12
Let q(c) = c - 1. Let x(p) = -5*p + 3. Let z be 1*(1 + 2)*-1. Let m be x(z). Suppose 3*s - m - 19 = 5*j, -5*j = 2*s + 17. Calculate q(s).
3
Let h(v) = -v - 2. Let t = 14 + -2. Let s be 1/((14/t)/(-7)). Calculate h(s).
4
Let r(a) = a**2 + 3*a. Suppose -34 = -0*v + 3*v - 2*u, 5*v = u - 52. Let f(p) = p**3 + 9*p**2 - 9*p + 7. Let o be f(v). Calculate r(o).
0
Let l = -69 - -71. Let s(j) = -3*j + 1. Determine s(l).
-5
Suppose -3*j - v = -0*j + 20, -2*j + 3*v = -5. Let g(l) = -l - 11. Calculate g(j).
-6
Let l(w) = -w**3 - 4*w**2 - w + 2. Let z be -1 + 4 + -2 + 5. Let p be (-2 - z/(-9))*3. Give l(p).
6
Let r(y) be the third derivative of y**7/70 + y**6/360 - y**5/120 + y**3/6 - y**2. Let u(k) be the first derivative of r(k). Determine u(1).
12
Suppose 0 = -4*x + 8, 3*d + x + 4*x = -62. Let t be 6/d - (-14)/(-8). Let q(g) = g**2 - 2*g - 2. Calculate q(t).
6
Suppose g - 2 = 4. Let v(a) = g*a - 3*a**2 - 9 - 2*a**2 + 4*a**2. Determine v(6).
-9
Let i(t) = -2*t + 1. Let j be 2/(28/(-8) + 4). What is i(j)?
-7
Let q = 7 + -7. Let x(c) be the third derivative of -c**2 + 0 + 1/120*c**6 + 0*c**4 - 1/60*c**5 + 0*c + 1/2*c**3. Give x(q).
3
Let j be (1 + 0)*(3 + -7). Let h be 8/3 - (-4)/(-6). Let l(n) = 3 + 5*n**2 - n**3 + 3 + 7*n + h*n**3. What is l(j)?
-6
Let v be 3/(-2 + (-15)/(-12)). Let u(b) be the third derivative of -b**4/24 - 6*b**2. What is u(v)?
4
Let t(x) = -x**3 + x**2. Let q(i) = i**3 + 3*i**2 - 1. Let d(h) = q(h) - 2*t(h). Let k = 111 - 112. Calculate d(k).
-3
Suppose 5*s + 10 = 35. Let k(r) be the third derivative of -r**4/12 + r**3/6 - 2*r**2 - 3*r. Determine k(s).
-9
Let v(n) = 3*n + 1. Let r be 0 - ((-13 - -2) + 1). Suppose r = 3*o + 2*o. Suppose o = 4*x + 18. Calculate v(x).
-11
Let f(b) = -b - 20. Let h = 66 - 66. Calculate f(h).
-20
Suppose -2*a = 2*p - 1 - 5, -3*p = 0. Let s(h) = -h**2 + 2*h - 2. Give s(a).
-5
Let v(g) be the first derivative of -g**4/4 + g**3/3 + 4*g + 53. Suppose -6*t = -t - 15. Calculate v(t).
-14
Let b(m) = m + 1. Let z(j) = -2*j + 6. Let a(t) = -b(t) + z(t). Let k be -5*3/(12/(-32)). Suppose 0*l - 3*l - 4*n = -27, -5*n + k = 5*l. What is a(l)?
-10
Let k(b) = 2*b + 4. Let y be k(-3). Let v(m) = m**2 + 4*m - 1. Determine v(y).
-5
Let k(q) = -2*q + q - 3*q + q + 4. Determine k(-6).
22
Let x(t) be the second derivative of -t**3/6 - 5*t**2/2 + t. Determine x(0).
-5
Let z be 4/(3 - -1) - -1. Let r(c) be the third derivative of c**5/20 - c**4/24 - c**3/6 + c**2. Determine r(z).
9
Let k(f) = 3*f**3 + 15*f**2 + 9*f + 4. Let w(i) = -i**3 - 5*i**2 - 3*i - 1. Let c = 3 - 10. Let a(z) = c*w(z) - 2*k(z). Give a(-3).
8
Let f(x) = 3*x. Let w(m) = -6*m - 1. Suppose 3*o + 15 = -0*o. Let t(z) = o*f(z) - 3*w(z). Let y(g) = -2*g**2 + 2*g + 2. Let n be y(2). Calculate t(n).
-3
Let a(p) be the second derivative of p**4/12 + p**3/6 - p**2 - 2*p. Let c(y) = -y**2 - 18*y. Let o be c(-18). What is a(o)?
-2
Suppose 0 = -4*o - 5*u + 10, 0 = -4*o + 2*u - 2 - 2. Let v(g) = g + 2. Let y be v(-2). Suppose y = -o*c + c. Let n(a) = -a**2 + a - 4. Determine n(c).
-4
Suppose p - 15 = -2*x, 4*p = -x + 31 + 1. Let u(f) = -f**2 + 6*f + 2. Determine u(p).
-5
Let v(d) = d**2 + 7*d + 9. Let y be v(-6). Suppose -y*k = k + 4. Let i(f) be the second derivative of 7*f**4/12 + f**3/6 + 3*f. Calculate i(k).
6
Suppose 5*r + 5*y - 5 = 0, 4*r - 2*y - 13 = 3*y. Let n(s) be the second derivative of -s**5/20 + s**4/12 - s**3/3 + s**2/2 - 5*s. Determine n(r).
-7
Suppose -j - 3 = y - 2*j, 3*y - 2*j = -5. Let w(m) = m - 1. Calculate w(y).
0
Let w(a) = 3*a - 3. Let g = -5 + 6. Let u = g - -2. What is w(u)?
6
Let h(l) be the first derivative of l**3/3 - 3*l**2 - 4*l + 14. Suppose -2*u + 10 = -0*u. Calculate h(u).
-9
Let d(z) be the first derivative of 5*z**2/2 + 3*z + 4. What is d(-3)?
-12
Let o(u) be the second derivative of -5/12*u**4 + 1/20*u**5 + 0 - 1/2*u**2 + 2/3*u**3 - 5*u. What is o(4)?
-1
Let b(a) be the third derivative of a**5/60 - 5*a**4/24 - a**3/3 - 10*a**2. Give b(4).
-6
Suppose 2*n = -0*n + 4. Suppose 0 = -i + n*i. Suppose i = -5*d - 5. Let j(r) = -4*r**3 - r**2 - r. Calculate j(d).
4
Let a = -26 - -22. Let j(g) = -2*g**2 - 5*g. Calculate j(a).
-12
Let p(m) = m**2 - 1. Suppose 0 = k + 4*k - 25. Suppose -2*g - 3 - 3 = 2*v, -k*g = -3*v - 9. Give p(v).
8
Let u(i) = 2*i**3 + i**3 - i**2 + 1 + i - 2*i**3. Calculate u(2).
7
Let r = -21 - -13. Let m(d) = -d**2 - 8*d + 5. Calculate m(r).
5
Let v be 1/(-7) - (-40)/35. Let o = 5 + -3. Let t(l) = 5*l + 3 - o*l + 1 - 3. What is t(v)?
4
Suppose u + 3*u - 8 = 0. Suppose -u*s + 12 + 14 = -3*j, 5*s = -5*j + 15. Let f = 3 - s. Let v(t) = 4*t + 6. Calculate v(f).
-10
Suppose -4*k + 15 + 13 = 0. Let p = -11 + k. Let o(b) = -b**2 - 4*b - 3. Determine o(p).
-3
Let i be (-3)/2 + (-75)/(-6). Suppose 2*l - 5 + i = 0. Let u(v) = v - 2. What is u(l)?
-5
Let o(d) be the second derivative of 0 - 1/20*d**5 - 1/3*d**4 + 3*d + 1/3*d**3 + d**2. Suppose 19 = -5*j + c, 2*j = 4*j + 5*c + 13. Calculate o(j).
-6
Let w(p) = -11 - 11 - 4*p + 22. Give w(-2).
8
Let f(n) = 2*n**2 - 2*n + 1. Suppose 3*u - 3 = -3*v, 3*u = -u - 4. Give f(v).
5
Let h(b) = 9*b - 4*b + 0 + 9*b - 13*b - 2. Let g = -1 - -6. Calculate h(g).
3
Let t(y) = -y. Let r be (-18)/(-45) - 26/(-10). What is t(r)?
-3
Let f(v) = -10*v**2 + 3 - 3. Let h be 3*(0 + (-8)/(-3)). Let o = 7 - h. Give f(o).
-10
Let g(r) = 5*r + 4*r**2 - 5*r**2 - 3*r**2 - 2*r. Calculate g(2).
-10
Let y(m) = -2*m - 3. Let r be y(1). Let k(s) = -s**3 - 4*s**2 + 10*s - 4. Let w(i) = i**3 + 4*i**2 - 9*i + 3. Let o(q) = 3*k(q) + 4*w(q). Calculate o(r).
5
Let f(o) = -5*o + 4. Let h(m) be the third derivative of m**6/120 + m**5/5 - 13*m**4/24 + m**3/2 - 4*m**2. Let s be h(-13). Give f(s).
-11
Let f(o) = -o**3 - 5*o**2 + 5*o + 3. Let j = -23 + 38. Suppose u - 3*q + j = 0, q + 7 = -2*u - 2. What is f(u)?
9
Let m(q) be the third derivative of -q**6/120 + q**5/60 + q**4/6 - 45*q**2. What is m(3)?
-6
Let d = -21 - -23. Let g(q) = 0*q + 6*q + 2 - q**3 - 4*q - 2*q**2. Give g(d).
-10
Let z(w) = w**2 + 4*w - 3. Let j be z(4). Let s = 40 - j. Suppose 4*a - 2*a = -n + 3, -5*a + n + s = 0. Let q(y) = -2*y**2 + 2*y. What is q(a)?
-4
Let b = 14 - 11. Let w(n) = b*n + 2 - 3 - 2. Give w(3).
6
Let j(i) = -4*i - 6. Let z(a) = 3*a + 5. Let n(g) = -4*j(g) - 5*z(g). Determine n(-8).
-9
Let o = -10 + 7. Let v(j) = -6*j**3 + 20*j**2 - j + 11. Let x(u) = u**3 - 4*u**2 - 2. Let s(c) = 2*v(c) + 11*x(c). Give s(o).
-3
Let b = 4 + -6. Let h(c) = -c**3 + 8*c**2 + 9*c + 5. Let s be h(9). Let k be 0/b - (s - 3). Let p(t) = -t**2 + 4*t + 3. Determine p(k).
-9
Suppose -f + 3*f = 0. Let h(b) = b**2 + b - 5. Determine h(f).
-5
Suppose 0 = -3*m - 24 + 327. Let z = m + -72. Suppose 0 = -4*l - 3*g - z, 3*l - 7 = 2*l + 4*g. Let i(k) = k + 3. Give i(l).
-2
Let n = -20 - -13. Let u = 2 + n. Let f(o) be the second derivative of o**4/12 + o**3 + 3*o**2 - o. Calculate f(u).
1
Let u(v) = -2*v - 12*v**2 + 8*v**2 + 3*v**2. Let g be u(-1). Let j(t) be the first derivative of -7*t**4/4 + 2*t**3/3 - t**2/2 + 1. Calculate j(g).
-6
Let x(s) = -s**2 - 11*s + 2. Suppose -v - 2*w - 8 = 0, -3*v + 2*v - 8 = -2*w. What is x(v)?
26
Let b(j) = -j**3 + 3*j + 1. Let z be b(-2). Let c(i) = 5*i**2 - 5*i**2 - z*i**3 + i + 0*i**2. Let n be (-6)/(-3) - 2 - -1. Calculate c(n).
-2
Let z(m) = -m**2 + 6*m - 6. Let x be z(4). Let t(d) = 3*d**2 + 2 - d**3 + 0*d**3 - 3*d**x. What is t(2)?
-6
Let u(o) = 13*o - 4*o - 8*o - 10 - 4*o. Calculate u(-7).
11
Let w(f) = 7*f**2 + 1 - f - f - 6*f**2 + 1. What is w(4)?
10
Let z be ((-48)/(-9))/((-12)/(-18)). Let d(c) = c**3 + 8*c**2 - 6 - z*c**2 - 8. Give d(0).
-14
Let y(i) = i**3 + 82 - 42 + i + 6*i**2 - 48. Give y(-6).
-14
Let x = 6 - 10. Let r be (x/(-3))/(1/3). Let n(f) = -1 + r + f + f. Calculate n(-2).
-1
Let x(k) = 2